mon divisor of 1273 and 195909.
19
Calculate the greatest common factor of 834866 and 54742.
202
Calculate the highest common factor of 86732878 and 170.
34
What is the highest common factor of 7007635 and 21040?
1315
What is the greatest common factor of 1096 and 26568136?
1096
What is the greatest common divisor of 106311 and 1095?
3
Calculate the highest common factor of 8936 and 22181386.
2234
What is the greatest common divisor of 97128724 and 18216?
1012
Calculate the greatest common divisor of 1525 and 539179.
61
What is the highest common factor of 235905 and 23955?
15
What is the greatest common divisor of 12 and 20975196?
12
What is the highest common divisor of 6916 and 61685780?
988
Calculate the greatest common factor of 162254819 and 635.
127
Calculate the highest common factor of 120 and 10638440.
40
Calculate the highest common divisor of 1025269085 and 3530.
1765
What is the greatest common factor of 21 and 967435707?
21
What is the highest common divisor of 29700 and 3272775?
825
What is the highest common factor of 26 and 177706?
2
What is the highest common factor of 10112381 and 3641?
331
What is the highest common divisor of 75 and 1043091?
3
Calculate the greatest common factor of 93279 and 10474329.
3009
Calculate the highest common divisor of 51765 and 699741.
609
What is the greatest common divisor of 527579654 and 10955?
2191
What is the greatest common divisor of 672 and 1005867744?
672
What is the highest common divisor of 15280 and 572184?
8
What is the greatest common factor of 8470064 and 251536?
1264
What is the greatest common factor of 192 and 17556?
12
Calculate the greatest common divisor of 530 and 14999795.
265
What is the greatest common divisor of 722 and 140861839?
361
What is the greatest common factor of 6144559 and 65994?
647
Calculate the highest common divisor of 5264 and 1520638.
658
What is the greatest common divisor of 460811 and 1807?
13
What is the greatest common factor of 15217024 and 2432?
2432
Calculate the greatest common factor of 2964 and 608538840.
2964
Calculate the greatest common factor of 2 and 2000506.
2
What is the highest common divisor of 11466 and 331506?
126
Calculate the greatest common divisor of 48 and 11925600.
48
Calculate the highest common factor of 674102 and 50908.
286
What is the highest common divisor of 1078 and 3256736?
98
Calculate the highest common divisor of 540096 and 515070.
582
What is the greatest common factor of 2353 and 80889081?
2353
Calculate the highest common divisor of 20513547 and 14049.
2007
Calculate the greatest common divisor of 334832 and 11237.
17
Calculate the greatest common factor of 282 and 11116064.
94
Calculate the highest common factor of 170641818 and 27.
9
Calculate the highest common factor of 252925745 and 1054.
527
Calculate the greatest common divisor of 4156684 and 658.
14
What is the highest common factor of 697 and 715050209?
697
Calculate the highest common divisor of 432 and 411600.
48
What is the greatest common divisor of 913077 and 414?
207
Calculate the highest common divisor of 211 and 8202203.
211
What is the greatest common divisor of 39882 and 147384?
138
Calculate the highest common divisor of 211197565 and 678.
113
What is the greatest common divisor of 18670162 and 70?
14
Calculate the highest common factor of 326 and 22867759.
163
What is the greatest common factor of 794466 and 81810?
1818
Calculate the highest common divisor of 539296 and 3192.
152
Calculate the greatest common divisor of 1932 and 34962753.
21
Calculate the highest common divisor of 52655 and 150.
5
What is the highest common factor of 202057632 and 48384?
6048
What is the greatest common factor of 5300 and 18633793?
53
What is the greatest common factor of 845604 and 597600?
2988
What is the greatest common divisor of 128 and 301897984?
128
What is the greatest common factor of 2676 and 850824834?
1338
What is the highest common divisor of 1164 and 13496580?
1164
What is the greatest common factor of 684 and 1738944?
36
Calculate the highest common factor of 2173098 and 79076.
746
What is the highest common divisor of 45830409 and 17694?
2949
Calculate the highest common factor of 151051863 and 303.
303
Calculate the highest common factor of 848 and 32536064.
848
What is the highest common divisor of 693 and 580975857?
693
Calculate the greatest common factor of 34 and 9491032.
34
What is the greatest common factor of 15854284 and 76?
76
Calculate the highest common factor of 34455446 and 3064.
766
What is the highest common factor of 5537871 and 483?
69
Calculate the greatest common divisor of 15192775 and 130.
65
What is the greatest common factor of 22560 and 37716560?
3760
Calculate the greatest common divisor of 380 and 47218610.
190
What is the highest common divisor of 1664451 and 299331?
711
What is the greatest common factor of 102 and 934803?
3
Calculate the highest common factor of 1234 and 28111137.
617
What is the greatest common divisor of 8 and 224310760?
8
What is the highest common divisor of 50 and 25624330?
10
Calculate the greatest common divisor of 221293 and 355585.
361
Calculate the greatest common divisor of 6216 and 306771144.
888
What is the highest common factor of 6669 and 28762542?
171
Calculate the highest common factor of 613825 and 658975.
1075
What is the highest common factor of 67062470 and 246?
82
What is the greatest common divisor of 25834870 and 515140?
5990
What is the greatest common divisor of 409906867 and 397?
397
What is the greatest common factor of 50 and 205224025?
25
Calculate the highest common factor of 832949 and 8840.
221
Calculate the highest common divisor of 44434467 and 22.
11
What is the highest common divisor of 760 and 217949?
19
What is the greatest common divisor of 9902648 and 14801?
779
Calculate the greatest common divisor of 135247 and 1168573.
973
What is the highest common factor of 512 and 743992?
8
Calculate the highest common factor of 767331 and 1908.
9
Calculate the highest common factor of 4509 and 116636307.
501
Calculate the highest common divisor of 182664 and 111510.
1062
Calculate the greatest common divisor of 1017 and 1107287.
113
Calculate the greatest common factor of 19210070 and 3212.
22
What is the highest common divisor of 1684100 and 4950?
550
What is the greatest common divisor of 11918477 and 9176?
1147
Calculate the greatest common divisor of 20 and 1110794170.
10
What is the highest common factor of 8 and 334743616?
8
What is the greatest common divisor of 153474955 and 465?
155
What is the highest common divisor of 40 and 31417240?
40
What is the highest common divisor of 54681 and 58894751?
1657
What is the greatest common factor of 36399 and 243958231?
12133
Calculate the greatest common factor of 1986 and 78728019.
993
Calculate the greatest common divisor of 23929306 and 74.
74
What is the greatest common divisor of 2784823 and 7409?
31
Calculate the greatest common factor of 80225 and 207650.
25
Calculate the highest common divisor of 151 and 4359521.
151
What is the highest common divisor of 3360 and 263760?
1680
Calculate the greatest common divisor of 9779354 and 21970.
338
Calculate the greatest common factor of 11288776 and 508.
508
What is the greatest common factor of 595000 and 27076?
28
What is the highest common factor of 19944 and 135528?
24
Calculate the highest common divisor of 8688 and 91725189.
543
Calculate the greatest common factor of 13222 and 328834.
22
What is the highest common divisor of 10649 and 10439724?
463
Calculate the greatest common factor of 192085 and 410.
205
What is the highest common divisor of 2071839686 and 266?
266
What is the highest common factor of 130 and 98521865?
65
What is the greatest common factor of 798 and 56539269?
57
Calculate the greatest common factor of 16420590 and 1830.
1830
Calculate the greatest common factor of 22203 and 27090.
9
Calculate the highest common factor of 235971 and 1955403.
1503
What is the greatest common divisor of 124 and 715492?
4
Calculate the highest common divisor of 2416 and 7626104.
1208
Calculate the greatest common factor of 294 and 26186286.
294
Calculate the highest common factor of 5358 and 31485394.
1786
What is the highest common divisor of 12 and 6